{"id":338,"date":"2021-04-02T15:32:33","date_gmt":"2021-04-02T15:32:33","guid":{"rendered":"https:\/\/chuchosierra.com\/?page_id=338"},"modified":"2025-06-09T18:44:54","modified_gmt":"2025-06-09T18:44:54","slug":"savia-latina","status":"publish","type":"page","link":"https:\/\/chuchosierra.com\/index.php\/savia-latina\/","title":{"rendered":"Savia Latina"},"content":{"rendered":"\n<h2 class=\"wp-block-heading\">\ud83c\udfb6<strong>M\u00fasica para tus conciertos y eventos con Savia Latina<\/strong> \ud83c\udfb7<\/h2>\n\n\n\n<p><strong>Savia Latina<\/strong>, bajo la direcci\u00f3n del maestro <strong>Chucho Sierra<\/strong>, es la agrupaci\u00f3n perfecta para hacer de tu evento una experiencia <strong>memorable<\/strong>. Conformada por m\u00fasicos excepcionales, estamos disponibles para presentaciones en <strong>Medell\u00edn, Oriente Antioque\u00f1o y en toda Colombia<\/strong>.<\/p>\n\n\n\n<h3 class=\"wp-block-heading\">Si a\u00fan no sabes c\u00f3mo organizar la m\u00fasica para tu boda, concierto o evento social, \u00a1nosotros tenemos la respuesta! \ud83c\udfa4 Mira el siguiente video y descubre c\u00f3mo podemos hacer de tu celebraci\u00f3n un momento inolvidable \ud83c\udfb6<\/h3>\n\n\n\n<figure class=\"wp-block-embed is-type-video is-provider-youtube wp-block-embed-youtube wp-embed-aspect-16-9 wp-has-aspect-ratio\"><div class=\"wp-block-embed__wrapper\">\n<iframe loading=\"lazy\" title=\"Promo 2025 Chucho Sierra y Savia Latina G R U P O\" width=\"640\" height=\"360\" src=\"https:\/\/www.youtube.com\/embed\/CI4SDYWnm7U?feature=oembed\" frameborder=\"0\" allow=\"accelerometer; autoplay; clipboard-write; encrypted-media; gyroscope; picture-in-picture; web-share\" referrerpolicy=\"strict-origin-when-cross-origin\" allowfullscreen><\/iframe>\n<\/div><figcaption class=\"wp-element-caption\">Savia Latina Entretenimiento Musical<\/figcaption><\/figure>\n\n\n\n<p>En SAVIA LATINA te brindamos una asesor\u00eda completa para que la m\u00fasica sea justa y perfecta para ti y tus invitados. Hacemos que tenga momentos memorables y puedas disfrutar cada segundo de d\u00eda especial. <\/p>\n\n\n\n<h1 class=\"wp-block-heading has-text-align-center\"><strong><u><a href=\"https:\/\/savialatina.com\/\" target=\"_blank\" rel=\"noreferrer noopener\">SAVIA LATINA&nbsp;<\/a><\/u><\/strong><\/h1>\n\n\n\n<p>\ud83c\udfb6 <strong>SAVIA LATINA<\/strong> nace en el a\u00f1o 2000 bajo la direcci\u00f3n del saxofonista, compositor y arreglista <strong>Chucho Sierra<\/strong>, consolid\u00e1ndose en el nuevo siglo como una agrupaci\u00f3n que ofrece en sus conciertos un viaje musical aut\u00e9ntico y vibrante, con un enfoque especial en la riqueza de la m\u00fasica colombiana. Acompa\u00f1ado por un talentoso equipo de m\u00fasicos, <strong>Savia Latina<\/strong> fusiona tradici\u00f3n y modernidad para crear un sonido \u00fanico que trasciende fronteras.<\/p>\n\n\n\n<p>Con una sinergia excepcional sobre el escenario, la agrupaci\u00f3n conecta instant\u00e1neamente con el p\u00fablico, llevando la esencia de la m\u00fasica latina a nuevas dimensiones. Su propuesta art\u00edstica combina armon\u00edas sofisticadas con ritmos como el <strong>bambuco, la cumbia, el currulao, el funk y el pop<\/strong>, integrando t\u00e9cnicas del jazz para ofrecer una identidad sonora fresca y diferenciadora en la escena musical actual. Con una gran proyecci\u00f3n internacional, <strong>Savia Latina<\/strong> sigue plasmando en cada nota el amor genuino por el verdadero arte. \ud83c\udfb7\ud83c\udfb9\ud83e\udd41\u2728<\/p>\n\n\n\n<figure class=\"wp-block-image size-large\"><img loading=\"lazy\" decoding=\"async\" width=\"768\" height=\"1024\" src=\"https:\/\/chuchosierra.com\/wp-content\/uploads\/2025\/06\/IMG_0844-768x1024.jpeg\" alt=\"\" class=\"wp-image-588\" srcset=\"https:\/\/chuchosierra.com\/wp-content\/uploads\/2025\/06\/IMG_0844-768x1024.jpeg 768w, https:\/\/chuchosierra.com\/wp-content\/uploads\/2025\/06\/IMG_0844-225x300.jpeg 225w, https:\/\/chuchosierra.com\/wp-content\/uploads\/2025\/06\/IMG_0844-1152x1536.jpeg 1152w, https:\/\/chuchosierra.com\/wp-content\/uploads\/2025\/06\/IMG_0844.jpeg 1536w\" sizes=\"auto, (max-width: 768px) 100vw, 768px\" \/><\/figure>\n\n\n\n<figure class=\"wp-block-embed is-type-video is-provider-youtube wp-block-embed-youtube wp-embed-aspect-16-9 wp-has-aspect-ratio\"><div class=\"wp-block-embed__wrapper\">\n<iframe loading=\"lazy\" title=\"Medell\u00edn de Amores | Chucho Sierra y SAVIA LATINA (Video Oficial)\" width=\"640\" height=\"360\" src=\"https:\/\/www.youtube.com\/embed\/HZQWWp4ifN0?feature=oembed\" frameborder=\"0\" allow=\"accelerometer; autoplay; clipboard-write; encrypted-media; gyroscope; picture-in-picture; web-share\" referrerpolicy=\"strict-origin-when-cross-origin\" allowfullscreen><\/iframe>\n<\/div><\/figure>\n\n\n\n<figure class=\"wp-block-image size-large\"><img loading=\"lazy\" decoding=\"async\" width=\"1024\" height=\"548\" src=\"http:\/\/chuchosierra.com\/wp-content\/uploads\/2025\/02\/IMG_9278-1024x548.jpg\" alt=\"\" class=\"wp-image-571\" srcset=\"https:\/\/chuchosierra.com\/wp-content\/uploads\/2025\/02\/IMG_9278-1024x548.jpg 1024w, https:\/\/chuchosierra.com\/wp-content\/uploads\/2025\/02\/IMG_9278-300x161.jpg 300w, https:\/\/chuchosierra.com\/wp-content\/uploads\/2025\/02\/IMG_9278-768x411.jpg 768w, https:\/\/chuchosierra.com\/wp-content\/uploads\/2025\/02\/IMG_9278-1536x822.jpg 1536w, https:\/\/chuchosierra.com\/wp-content\/uploads\/2025\/02\/IMG_9278-2048x1096.jpg 2048w\" sizes=\"auto, (max-width: 1024px) 100vw, 1024px\" \/><\/figure>\n\n\n\n<figure class=\"wp-block-embed is-type-video is-provider-youtube wp-block-embed-youtube wp-embed-aspect-16-9 wp-has-aspect-ratio\"><div class=\"wp-block-embed__wrapper\">\n<iframe loading=\"lazy\" title=\"Chucho Sierra y Savia Latina (Promo Tropical Crossover)\" width=\"640\" height=\"360\" src=\"https:\/\/www.youtube.com\/embed\/IpkqDLOZpyI?feature=oembed\" frameborder=\"0\" allow=\"accelerometer; autoplay; clipboard-write; encrypted-media; gyroscope; picture-in-picture; web-share\" referrerpolicy=\"strict-origin-when-cross-origin\" allowfullscreen><\/iframe>\n<\/div><figcaption class=\"wp-element-caption\">Savia Latina en Vivo y en Directo<\/figcaption><\/figure>\n","protected":false},"excerpt":{"rendered":"<p>\ud83c\udfb6M\u00fasica para tus conciertos y eventos con Savia Latina \ud83c\udfb7 Savia Latina, bajo la direcci\u00f3n del maestro Chucho Sierra, es la agrupaci\u00f3n perfecta para hacer<\/p>\n","protected":false},"author":1,"featured_media":575,"parent":0,"menu_order":0,"comment_status":"closed","ping_status":"closed","template":"","meta":{"footnotes":""},"class_list":["post-338","page","type-page","status-publish","has-post-thumbnail","hentry"],"_links":{"self":[{"href":"https:\/\/chuchosierra.com\/index.php\/wp-json\/wp\/v2\/pages\/338","targetHints":{"allow":["GET"]}}],"collection":[{"href":"https:\/\/chuchosierra.com\/index.php\/wp-json\/wp\/v2\/pages"}],"about":[{"href":"https:\/\/chuchosierra.com\/index.php\/wp-json\/wp\/v2\/types\/page"}],"author":[{"embeddable":true,"href":"https:\/\/chuchosierra.com\/index.php\/wp-json\/wp\/v2\/users\/1"}],"replies":[{"embeddable":true,"href":"https:\/\/chuchosierra.com\/index.php\/wp-json\/wp\/v2\/comments?post=338"}],"version-history":[{"count":7,"href":"https:\/\/chuchosierra.com\/index.php\/wp-json\/wp\/v2\/pages\/338\/revisions"}],"predecessor-version":[{"id":592,"href":"https:\/\/chuchosierra.com\/index.php\/wp-json\/wp\/v2\/pages\/338\/revisions\/592"}],"wp:featuredmedia":[{"embeddable":true,"href":"https:\/\/chuchosierra.com\/index.php\/wp-json\/wp\/v2\/media\/575"}],"wp:attachment":[{"href":"https:\/\/chuchosierra.com\/index.php\/wp-json\/wp\/v2\/media?parent=338"}],"curies":[{"name":"wp","href":"https:\/\/api.w.org\/{rel}","templated":true}]}}

<h2 class="wp-block-heading">🎶<strong>Música para tus conciertos y eventos con Savia Latina</strong> 🎷</h2>



<p><strong>Savia Latina</strong>, bajo la dirección del maestro <strong>Chucho Sierra</strong>, es la agrupación perfecta para hacer de tu evento una experiencia <strong>memorable</strong>. Conformada por músicos excepcionales, estamos disponibles para presentaciones en <strong>Medellín, Oriente Antioqueño y en toda Colombia</strong>.</p>



<h3 class="wp-block-heading">Si aún no sabes cómo organizar la música para tu boda, concierto o evento social, ¡nosotros tenemos la respuesta! 🎤 Mira el siguiente video y descubre cómo podemos hacer de tu celebración un momento inolvidable 🎶</h3>



<figure class="wp-block-embed is-type-video is-provider-youtube wp-block-embed-youtube wp-embed-aspect-16-9 wp-has-aspect-ratio"><div class="wp-block-embed__wrapper">
<iframe loading="lazy" title="Promo 2025 Chucho Sierra y Savia Latina G R U P O" width="640" height="360" src="https://www.youtube.com/embed/CI4SDYWnm7U?feature=oembed" frameborder="0" allow="accelerometer; autoplay; clipboard-write; encrypted-media; gyroscope; picture-in-picture; web-share" referrerpolicy="strict-origin-when-cross-origin" allowfullscreen></iframe>
</div><figcaption class="wp-element-caption">Savia Latina Entretenimiento Musical</figcaption></figure>



<p>En SAVIA LATINA te brindamos una asesoría completa para que la música sea justa y perfecta para ti y tus invitados. Hacemos que tenga momentos memorables y puedas disfrutar cada segundo de día especial. </p>



<h1 class="wp-block-heading has-text-align-center"><strong><u><a href="https://savialatina.com/" target="_blank" rel="noreferrer noopener">SAVIA LATINA&nbsp;</a></u></strong></h1>



<p>🎶 <strong>SAVIA LATINA</strong> nace en el año 2000 bajo la dirección del saxofonista, compositor y arreglista <strong>Chucho Sierra</strong>, consolidándose en el nuevo siglo como una agrupación que ofrece en sus conciertos un viaje musical auténtico y vibrante, con un enfoque especial en la riqueza de la música colombiana. Acompañado por un talentoso equipo de músicos, <strong>Savia Latina</strong> fusiona tradición y modernidad para crear un sonido único que trasciende fronteras.</p>



<p>Con una sinergia excepcional sobre el escenario, la agrupación conecta instantáneamente con el público, llevando la esencia de la música latina a nuevas dimensiones. Su propuesta artística combina armonías sofisticadas con ritmos como el <strong>bambuco, la cumbia, el currulao, el funk y el pop</strong>, integrando técnicas del jazz para ofrecer una identidad sonora fresca y diferenciadora en la escena musical actual. Con una gran proyección internacional, <strong>Savia Latina</strong> sigue plasmando en cada nota el amor genuino por el verdadero arte. 🎷🎹🥁✨</p>



<figure class="wp-block-image size-large"><img loading="lazy" decoding="async" width="768" height="1024" src="https://chuchosierra.com/wp-content/uploads/2025/06/IMG_0844-768x1024.jpeg" alt="" class="wp-image-588" srcset="https://chuchosierra.com/wp-content/uploads/2025/06/IMG_0844-768x1024.jpeg 768w, https://chuchosierra.com/wp-content/uploads/2025/06/IMG_0844-225x300.jpeg 225w, https://chuchosierra.com/wp-content/uploads/2025/06/IMG_0844-1152x1536.jpeg 1152w, https://chuchosierra.com/wp-content/uploads/2025/06/IMG_0844.jpeg 1536w" sizes="auto, (max-width: 768px) 100vw, 768px" /></figure>



<figure class="wp-block-embed is-type-video is-provider-youtube wp-block-embed-youtube wp-embed-aspect-16-9 wp-has-aspect-ratio"><div class="wp-block-embed__wrapper">
<iframe loading="lazy" title="Medellín de Amores | Chucho Sierra y SAVIA LATINA (Video Oficial)" width="640" height="360" src="https://www.youtube.com/embed/HZQWWp4ifN0?feature=oembed" frameborder="0" allow="accelerometer; autoplay; clipboard-write; encrypted-media; gyroscope; picture-in-picture; web-share" referrerpolicy="strict-origin-when-cross-origin" allowfullscreen></iframe>
</div></figure>



<figure class="wp-block-image size-large"><img loading="lazy" decoding="async" width="1024" height="548" src="http://chuchosierra.com/wp-content/uploads/2025/02/IMG_9278-1024x548.jpg" alt="" class="wp-image-571" srcset="https://chuchosierra.com/wp-content/uploads/2025/02/IMG_9278-1024x548.jpg 1024w, https://chuchosierra.com/wp-content/uploads/2025/02/IMG_9278-300x161.jpg 300w, https://chuchosierra.com/wp-content/uploads/2025/02/IMG_9278-768x411.jpg 768w, https://chuchosierra.com/wp-content/uploads/2025/02/IMG_9278-1536x822.jpg 1536w, https://chuchosierra.com/wp-content/uploads/2025/02/IMG_9278-2048x1096.jpg 2048w" sizes="auto, (max-width: 1024px) 100vw, 1024px" /></figure>



<figure class="wp-block-embed is-type-video is-provider-youtube wp-block-embed-youtube wp-embed-aspect-16-9 wp-has-aspect-ratio"><div class="wp-block-embed__wrapper">
<iframe loading="lazy" title="Chucho Sierra y Savia Latina (Promo Tropical Crossover)" width="640" height="360" src="https://www.youtube.com/embed/IpkqDLOZpyI?feature=oembed" frameborder="0" allow="accelerometer; autoplay; clipboard-write; encrypted-media; gyroscope; picture-in-picture; web-share" referrerpolicy="strict-origin-when-cross-origin" allowfullscreen></iframe>
</div><figcaption class="wp-element-caption">Savia Latina en Vivo y en Directo</figcaption></figure>

<p>🎶Música para tus conciertos y eventos con Savia Latina 🎷 Savia Latina, bajo la dirección del maestro Chucho Sierra, es la agrupación perfecta para hacer</p>
